- 13. Let f(o) = -5*j(o) - 28*t(o). Let u be f(3). Is d(u) a prime number?
False
Suppose 3*q + 2*q + 3*v + 17 = 0, 4 = -v. Let p(n) = -58*n + 1. Is p(q) a composite number?
False
Suppose 0*g + 5*g - 10 = 0. Suppose 4*f - 3*w - 343 = 0, -3*w = -3*f + g*w + 260. Is f prime?
False
Let s = 4 - 3. Is (1 - 2)*(s - 15) a composite number?
True
Let h be (-4 - -5) + 2*-1. Let w = h + 4. Suppose w*r - 4*r = -53. Is r a composite number?
False
Suppose 0 = -4*t - 54 + 1370. Is t composite?
True
Suppose -u + 4*w = -2*u + 19, -4*w + 22 = 2*u. Suppose 2 - 1 = -k, 0 = -u*a - k + 65. Is a a prime number?
False
Is (-7082)/(-5) - (-57)/95 composite?
True
Let a(z) = z**3 + 5*z**2 + 5*z + 11. Let p(v) = 3*v**3 + 14*v**2 + 15*v + 32. Let h(y) = 11*a(y) - 4*p(y). Is h(-6) prime?
False
Let a(f) = 5*f - 1. Let t be a(1). Suppose 2*y - y + c = 0, -t*c - 8 = -4*y. Is (-1)/1 + 39 - y a prime number?
True
Is -2*((-4930)/4)/5 composite?
True
Let f(h) be the third derivative of -h**4/24 + 3*h**3/2 + h**2. Let w be f(0). Let t = w - 2. Is t composite?
False
Let l(q) = -14*q + 1. Let m(k) = 27*k - 1. Let j(n) = -5*l(n) - 2*m(n). Let z be (4/(-6))/((-2)/15). Is j(z) prime?
False
Suppose -b + 84 = -5*m, 5*m - 264 = -4*b + 47. Is b a composite number?
False
Let h = 4 - 0. Suppose -h*z + 3*m = -6 - 6, -4*z = 5*m + 20. Suppose 0 = t + 5*j - 4, 2*t + z*t + j = 26. Is t prime?
False
Is 1765 - 2 - (4 - 0) a prime number?
True
Let x = 1 + 13. Let q = 20 - x. Is q a composite number?
True
Let f be ((-9)/6)/((-5)/150). Suppose v = f - 8. Is v a prime number?
True
Let u = 37 - 53. Let s = u - -38. Suppose 0 = -0*h - 2*h + s. Is h composite?
False
Suppose 3*i + 23 = 170. Suppose 4*w - 2*r = -14, 7 = -5*w + 3*r - 12. Is i/5 - w/10 composite?
True
Suppose -3*j - 2*c = 351, 3*j - 5*j - 234 = -c. Let x = 26 - j. Is x a composite number?
True
Let q be (-1 - 0) + 8 + -7. Suppose 2*w = 2 + 4. Suppose -w*h + 561 = -q*h. Is h a composite number?
True
Let t(l) = 5 + l**2 + l + l**2 + 0. Let v be t(-6). Suppose 2*b - v = -3*g, 0 = -5*g + 4*b - 5*b + 123. Is g a composite number?
True
Is (-3)/9 + (410/6 - 1) composite?
False
Let s(z) be the third derivative of -z**4/24 - 2*z**3/3 + z**2. Is s(-10) composite?
True
Let l(s) = 5*s**2 + 5*s + 5. Let q(p) = -4*p**2 - 5*p - 4. Let x(w) = -5*l(w) - 6*q(w). Let t be x(4). Let r = t - -7. Is r a prime number?
False
Suppose w = -0 + 1. Is 33 + 3 + -2 - w composite?
True
Is (6/(-18))/(3/(-5769)) composite?
False
Suppose -4*m - 5*p + 7 = -14, 5*m = 4*p + 16. Is (-1722)/m*4/(-6) a prime number?
False
Let m(b) = 2*b - 3. Let l be m(3). Suppose 7*u - 812 = l*u. Is u prime?
False
Suppose -4*s + 86 = -18. Let h = -8 - -13. Suppose 24 = 4*d - h*j + j, 0 = -5*d + 4*j + s. Is d a prime number?
True
Let h(t) = -6*t + 5. Let k be h(-4). Suppose -k = -d - 8. Is d a composite number?
True
Suppose 5*p = 3*w - 18178 + 4764, 5*w - p = 22320. Is w a prime number?
True
Let s = -3 - -7. Suppose 7*j - s*j = 249. Is j a prime number?
True
Suppose 5*c - 5 = 3*b - 8*b, 3*c - 9 = -5*b. Suppose -17 = 5*o + b, 30 = 5*w - 5*o. Is 159/12 - w/8 a prime number?
True
Let z = 302 - 114. Let y = z + -61. Is y composite?
False
Suppose 2*j = 4*j. Suppose -2*i = 3*s - 5*i - 1437, 4*s + 5*i - 1916 = j. Is s composite?
False
Suppose -4*f - 3*b + 7518 = -1418, f - 3*b = 2249. Is f prime?
True
Let h = -8 + 4. Let g be 14/h*(-12)/21. Suppose g = w - 0*w. Is w composite?
False
Let n(d) = -2*d**3 + 8*d**2 + 11*d - 1. Let a be n(9). Is a/(-6) - (-3)/9 prime?
False
Let y(l) = 85*l**2 - 3*l. Let r be y(2). Let k = 549 - r. Is k composite?
True
Let x(r) = r**3 - 4*r**2 - 4*r - 2. Let v be x(5). Suppose -v*m = -i - 1, 5*i + 7 = -3*m + 2. Is i - -50 - (-1 - 1) prime?
False
Suppose 5*j - 2*p - 3*p = 1325, 0 = -5*j + 3*p + 1325. Is j a prime number?
False
Suppose -2*n - 2*o - 10 = 0, 0*o + 4*o - 7 = 5*n. Let k(d) = -6*d**2 + 2*d + 1. Let l(b) = -b. Let x(v) = n*l(v) - k(v). Is x(1) a composite number?
True
Let a be 82*(-4)/(-8) + -1. Suppose -2*v = -124 - a. Is v prime?
False
Let h = 3 + -2. Suppose v + 0*v = -1. Is 21*(2 + h/v) prime?
False
Let y(f) = -3*f**3 - f**2 - 2. Let v be y(-2). Suppose v = -0*o + o + 5*n, 3*o = -2*n - 11. Is (-10)/35 + (-345)/o composite?
True
Is 2/(-9) - (-1)/(-9)*-12413 a prime number?
False
Is (-2 - -1)/(-3*6/56286) prime?
False
Let g = -324 + 619. Is g a composite number?
True
Let k(c) = -11*c - 11. Let j be k(-11). Suppose 0 = -3*x + x + j. Is x prime?
False
Suppose 4*r - 132 = 2*c + 44, 3*r = -2*c - 162. Is ((-4)/12)/(2/c) prime?
False
Let g(b) = -b**3 + 4*b**2 - 3*b + 2. Let f be g(3). Let y(v) = 31*v**3 + 2*v**2 + v + 1. Is y(f) a prime number?
False
Suppose 4*h + 3*g = 1268 + 594, 2*g + 471 = h. Is h a prime number?
True
Let m = 455 + 1004. Is m a composite number?
False
Suppose -755 = -3*m - 2*n, 4*n = -5*m - 0*n + 1261. Is m prime?
False
Let l = -21 - -2. Suppose 3*y = 43 + 125. Let d = l + y. Is d a composite number?
False
Suppose -10*k - k = -1694. Suppose -4*q + 317 = 5*c - 0*q, 2*c + q - 125 = 0. Let d = k - c. Is d a composite number?
True
Let n be -1 - 1 - (2 + -9). Suppose -3*z + n*z = -h + 33, z - 29 = 2*h. Is z composite?
False
Suppose -417 - 57 = -6*y. Is y composite?
False
Let y = -67 - -122. Is y a prime number?
False
Let y = 121 - -133. Suppose 0 = -2*i - 4*b + 774, -3*i + 5*b = 617 - 1745. Let g = i - y. Is g composite?
False
Let d = 9 - 4. Suppose 4*l - 345 = -l + d*b, -3*l - 3*b = -183. Is l prime?
False
Let c = 6 + -6. Let t(v) = -v**2 - v + 35. Is t(c) composite?
True
Let l = 39 + 40. Is l composite?
False
Let i = 17 + -15. Suppose -2*z = z - 45. Suppose -z = -5*y + 5*b, 8 - 2 = i*y + 5*b. Is y composite?
False
Suppose -2*g - 2*g = 24. Let t be (2/(-1) - g) + -2. Is (-1)/t - 450/(-12) a prime number?
True
Suppose 5*s - 3*d - 50 = 0, 1 = s - 4*d + 8. Let a = s + -9. Suppose a*y - y = 381. Is y prime?
True
Suppose -5*i = 5*v + 155, -4*i + 4*v - 24 = 100. Let p = i + 114. Is p composite?
False
Let n(s) = -s**2 + 5*s + 6. Let u be n(6). Is u + 3 + 740/2 a composite number?
False
Suppose 0 = -2*s, 4*a + 1838 = 6*a + s. Is a a prime number?
True
Let f(p) = -2 + p**2 - p + 3*p + 9. Is f(-12) a prime number?
True
Suppose p - 6 = -p. Suppose l + 2*l = p. Let f(k) = 114*k**3 - 1. Is f(l) a prime number?
True
Let k(w) = 18*w**2 - 12*w**3 - 3*w - 2*w - 7 - 15*w**2. Is k(-3) a prime number?
True
Let v be -449 + 1 + 4/4. Let i = v - -652. Is i a prime number?
False
Let s(h) be the first derivative of 2*h**3 + 3*h**2/2 + h - 3. Is s(-2) a prime number?
True
Let u be 13/(-3*1/(-12)). Let o = -6 + u. Is o a prime number?
False
Suppose -6*m + 8324 = -2*m. Is m a prime number?
True
Let d(w) = 3*w + 2 + w**2 + 2*w - 9 - 8. Is d(6) a composite number?
True
Let b = -7 - -3. Is (-315)/b + 5/20 a composite number?
False
Let x(s) = 61*s + 2. Is x(3) prime?
False
Suppose -4*b - 9 = -7*b. Suppose 2*t = -z - 33, z + 33 = -0*z + b*t. Is 2*-3*z/18 composite?
False
Suppose -3*p - 2*q = -p - 12, -q - 12 = -5*p. Suppose 4*w + 0*w = 20. Suppose 587 = 2*z - w*t + 215, p*t = 6. Is z a composite number?
False
Let q = -6 - -7. Is 99 - ((-2)/q + 4) composite?
False
Suppose n = 9 - 4. Let s(l) = 4*l**3 + 6*l**2 - 5*l + 6. Is s(n) a composite number?
False
Let i = -1070 - -3403. Is i a composite number?
False
Let o = -2 - 2. Let f = o + 19. Is f a composite number?
True
Is (2/(-2))/((-5)/245) a composite number?
True
Let g(x) = -60*x - 9. Let i be g(-5). Let q = 1082 - i. Is q a prime number?
False
Suppose 0*a = a - 1191. Is a prime?
False
Suppose -2*t - 5*w = 24, -8 = 4*t - 8*t + 4*w. Let l = 3 + t. Is l/(-2) + (-39)/(-2) composite?
False
Suppose -13 = -5*a + 4*i - 5*i, -i - 17 = -5*a. Let y = a + 104. Suppose 0 = 3*b + 5*p - 146, 2*p + y + 79 = 4*b. Is b prime?
True
Suppose 0 = -4*p + 5*p - 1255. Is p a prime number?
False
Let r(d) = -368*d**3 + 4*d + 3. Is r(-1) composite?
False
Let r = 1119 + -532. Is r a composite number?
False
Let r be 10/12*2*-3. Let y be ((-4)/(-5))/((-2)/r). Is 22 - (-2 + y/2) composite?
False
Suppose v + 5 = -3*i, 3*i = v + v - 17. Let a = i - -6. Suppose 0 = a*f - 19 - 152. Is f a composite number?
True
Suppose -2*k = k + 60. Let s be k/6*3/(-2). Suppose -5*q = 3*b - 191, 3*b - 8*b = s*q - 325. Is b a composite number?
False
Suppose -4*d + 0*d + 1464 = 0. Let l = 